 Is i(o) composite?
True
Suppose s + 12621 = 6*n, 3*s + 4 + 5 = 0. Is n a prime number?
False
Let r = -26 + 16. Let o = -7 - r. Suppose 2*k - 82 = o*x + 13, 5*k - 250 = -5*x. Is k a prime number?
False
Suppose 2*d = -0*d - b + 29, 5*d - 79 = 4*b. Suppose 2*h - 5*f + 0 + d = 0, 5*f - 30 = -h. Suppose -79 = -z + t, 5*t = -4*z + h*z - 79. Is z prime?
True
Let c(m) = -m**2 - 7*m - 5. Let s be c(-4). Suppose 0*r + s = r. Let f(w) = 3*w**2 - w + 9. Is f(r) composite?
False
Suppose -7*h + 10*h + 30972 = 0. Let i = -7161 - h. Is i composite?
False
Suppose -55977 = 12*m - 363189. Is m prime?
True
Let j be (-10)/(-5)*(-21)/(-2). Let p = -16 + j. Suppose -p*b + 5945 = 4*v, -159 + 1372 = b - 4*v. Is b a prime number?
True
Let j(l) = -l**3 - 6*l**2 + 9*l + 16. Let i be j(-7). Suppose -2*h + 6*h - 1524 = -4*o, -i*o + 5*h = -734. Is o a prime number?
False
Is (2/(-10))/((-7)/1888285) a composite number?
False
Let q = 14377 - 8414. Is q prime?
False
Suppose 20 - 2 = 3*v - o, 2*v = 5*o - 1. Let b = v - -3. Is 2994/10 + (-4)/b a prime number?
False
Suppose 0 = -620*s + 617*s + 4899. Is s a composite number?
True
Let g(z) = -5611*z + 132. Is g(-7) prime?
True
Let b be 4*(-6 + (-2 - -6)). Let l be b/(-20) - (-192)/20. Is 1*-1 - (-660)/l a prime number?
False
Let n = -37 + 33. Is n/(-2) - (-1 - 0) - -511 composite?
True
Let c = 659 + -2848. Let z = -923 - c. Let l = z - 853. Is l composite?
True
Suppose -3*r + 3*m + 21 = 0, r - 5*m - 2 = 13. Suppose -r*t + 42 = 3*c, 0*c = -c - 4*t + 7. Let k = 32 - c. Is k prime?
True
Let m(y) = 20*y. Let n = 12 + -11. Let k be m(n). Let z = k + -1. Is z a prime number?
True
Let m be (3 - -9)/2 - 1. Let q(k) = 6 + 3*k**3 + 14*k**2 - 8 - 20*k**2. Is q(m) composite?
False
Let b be 2 + 0 + (-3 - -73)*8. Let n = 2403 - b. Is n a prime number?
False
Is (-2)/(-1) + ((-110000)/(-10) - -1) a composite number?
False
Let s(y) = 2*y + 26. Let o be s(-12). Suppose 0 = -o*v - 16 - 4. Is 46/115 + (-1186)/v a composite number?
True
Let k(z) = 135*z**2 - 18*z + 53. Is k(8) a composite number?
True
Suppose 8962 = 13*h - 30181. Is h composite?
False
Is 4 + -2 + (-24 - -7955) a composite number?
False
Let x be (-2)/(-7) - (-4)/(-14). Let s be 639 + 2 + x + 2. Suppose 5*t + 2*u - s = 0, -3*t + 4*u + 111 = -2*t. Is t a prime number?
True
Let d = 479 - -554. Suppose 0 = -w, -5*w = -3*u + 3932 + d. Is u prime?
False
Suppose 0*x - 15 = -3*x. Let z(m) = -9*m. Let v be z(x). Is (-18)/v + (-13)/(-5) composite?
False
Suppose -8 + 0 = -4*d. Suppose -d = -3*u + 4. Is 73/u + (-12)/8 a prime number?
False
Let r = -400 + 631. Let w = -3 + 6. Suppose w*j - r = -0*j. Is j prime?
False
Let n(z) = -3594*z**3 + 2*z**2 - 1. Is n(-1) prime?
False
Let f(t) be the first derivative of 3*t**4/4 + 2*t**3/3 + t**2 + 5*t - 6. Is f(6) a prime number?
False
Let d = -75 + 79. Let i(m) = 219*m - 7. Is i(d) prime?
False
Let f(d) = 150*d**2 - 13*d - 30. Is f(7) composite?
False
Suppose 3*t + 1 + 11 = 0. Let o be (0 - -1)/(3/261). Is t/(-3)*o/2 a prime number?
False
Let h(q) = -24*q + 4. Let y be h(-8). Suppose -3*t = -a + y, t + 4*t + 791 = 4*a. Suppose a - 4 = 5*i. Is i a prime number?
False
Suppose -4*l = -9*l + 10. Suppose 120 + 259 = 2*n + 3*b, l*n - 381 = -b. Is n a prime number?
True
Let z = 12057 - 7724. Suppose -3*a = 4*h - z, 2*h - 1153 = -5*a + 996. Is h a prime number?
True
Let g(z) = -6*z**2 - 7*z - 13. Let x(d) = -5*d**2 - 8*d - 14. Let c(q) = -7*g(q) + 6*x(q). Let o(l) be the first derivative of c(l). Is o(6) prime?
False
Let s = -51 - -94. Suppose 3*v = -740 - s. Is (v/(-6))/((-21)/(-28)) a composite number?
True
Let n be 906/24 - 1/(-4). Suppose 41*a = n*a + 60. Suppose -21*x = -a*x - 143. Is x a prime number?
False
Let p(n) = 21*n - 259. Is p(14) composite?
True
Suppose 3*g - 4*i = -6 - 1, 2*g = -4*i + 22. Suppose -1 - 14 = -g*v. Suppose -4*r - v*n + 378 = 0, 5*r - 247 = n + 240. Is r a composite number?
False
Let y = 38859 - 20690. Is y prime?
True
Suppose 0 = -8*o + 38394 - 466. Is o prime?
False
Let p(v) = 66*v**2 - 5*v + 8. Let n(w) = 65*w**2 - 6*w + 9. Let s(x) = -3*n(x) + 4*p(x). Is s(6) composite?
False
Let d = 16657 - -1938. Is d a prime number?
False
Suppose -6976 = -9*k + 26063. Is k a composite number?
False
Let x = 2652 + -749. Is x composite?
True
Let l be ((-30)/4)/((-9)/378). Suppose -k + 155 = -3*r, -5*r + 5 = -0*r. Let i = l - k. Is i a composite number?
False
Let c(d) = d**3 - d + 39. Let z = 10 - 10. Let l be c(z). Let t = 62 - l. Is t a composite number?
False
Let a = 292 - 66. Let j be a/(-4) + (-11)/22. Let o = j + 142. Is o prime?
False
Let y(d) = -d**3 - 11*d**2 - 20*d - 8. Let l be y(-9). Let s(m) = 2*m**2 + 12*m - 1. Is s(l) a prime number?
False
Suppose 4*c + 124 = 4*p, -2*p - 4*c + 97 = c. Suppose -3*d + p = -0*d + 3*t, -4*d + 56 = 2*t. Is 2605/3 + d/24 a composite number?
True
Let u(s) = -9*s - 8. Let o be u(-2). Is (1 - 45/o)/((-1)/358) a prime number?
False
Suppose 5*h - 3*m - 202691 = 0, 39093 = -2*h + 5*m + 120177. Is h a prime number?
False
Let i(g) = g**3 - 5*g**2 + 5*g - 2. Let c be i(4). Suppose c*d = -d + 18. Suppose -2*l - 2*s = -198, 0 = 5*l + 3*s - d*s - 479. Is l a composite number?
False
Let o = 89 - -678. Is o a composite number?
True
Suppose -b - 12 = -3*k - 41, -2*k + b = 21. Let n = 5 - 1. Is (-264)/k + n/(-2) composite?
False
Let l = 47 + -42. Suppose -o - s = -l*s - 27, -o - 5*s + 63 = 0. Is o a prime number?
True
Let f(t) = -t**2 + 4. Let j be f(3). Let s(m) = 5*m**2 - 4*m - 5. Let x be s(j). Let y = x + 75. Is y prime?
False
Suppose 0 = 7*a - 3*a. Suppose a = -5*x + 3*x + 342. Is (-3*1)/((-9)/x) a prime number?
False
Let r(l) = 20*l**3 - 7*l**2 + l + 3. Let j(z) = z**3 + z. Let t(q) = 3*j(q) - r(q). Is t(-5) a prime number?
True
Suppose 3*m = 5*l - 1060, -l - 2*m - 424 = -3*l. Suppose -283 = -5*b + 4*f + l, f + 290 = 3*b. Is b a prime number?
False
Let i(p) = p**3 - 7*p**2 + 5*p - 13. Let y be i(6). Is -29*1*57/y composite?
True
Let m = 329 - 174. Suppose 2*f + m = 4*r - 3*r, 5*f = -2*r + 283. Is r a composite number?
False
Let k(m) = 3*m**2 - 4*m - 4. Let b be k(4). Let u = b + 151. Is u composite?
False
Let l be -9*3/(-9)*1. Let p(h) be the second derivative of 3*h**5/20 + h**4/12 - h**3/2 - h**2 - 5*h + 4. Is p(l) prime?
True
Suppose 6 = 2*g - 6. Let h(p) = 10*p**2 - g*p**3 + 3 - 5*p + 5*p**3 - 14. Is h(8) composite?
True
Suppose -3*d + 4*d = 3*b - 11, 4*d - 1 = -3*b. Suppose -4*j = k - 315, -5*k - j + 658 = -b*k. Is k prime?
True
Is 46 - -16708 - (-1 - -2) composite?
True
Let f = 27 + -47. Is 785/f*2*-2 composite?
False
Let f = -41 - -43. Suppose -f*y + 2*i + 892 = 0, 3*y + i - 427 = 923. Is y composite?
False
Suppose -8*y + 8 = -4*y. Suppose 1248 = y*g + v + 262, -1956 = -4*g + 2*v. Is g a composite number?
False
Suppose 3*j - 3388 = -3*y + 29537, -10967 = -y + 3*j. Is y composite?
False
Let u(r) = r + 2. Let f be u(0). Suppose -f*q + 108 = q. Let l = q - 23. Is l prime?
True
Let d = 393 - -720. Suppose -2*t = -5*t + d. Is t a prime number?
False
Is (7048 - -16) + (-4 - -9) composite?
False
Let b(v) = v**3 + 2*v**2 - v + 12. Let t be b(0). Suppose 0 = t*c + c - 429. Is c a prime number?
False
Let d(z) = -z. Let c(o) = -70*o + 13. Let j(h) = -c(h) + 2*d(h). Is j(10) composite?
True
Let s = 128 - 112. Suppose -1317 = -s*c + 21163. Is c a composite number?
True
Let o be (-10 - (0 + 3))*-58. Suppose -5*w + o = -361. Is w a prime number?
True
Suppose -7*a + 5*a - 19839 = -5*q, -2*a - 4 = 0. Is q a prime number?
True
Suppose -8022 = -4*p + 4754. Is p composite?
True
Let i(k) = 3*k**2 + 6*k + 8. Let m be i(-4). Let d = 35 - m. Suppose d*n - 484 = s, 3*s = -3*n - n + 667. Is n a composite number?
False
Let r(b) = 3*b. Let l be r(2). Suppose -l = 4*g - 14. Suppose g*o = 5*o - 1245. Is o prime?
False
Suppose -3*y = -12, 4*i + 0*i + 2*y = 1924. Is i prime?
True
Let h = 121 - -13. Is -5 + h + 1 + 1 a composite number?
False
Is 99/9 - 14 - -105512 composite?
False
Let z = 90 + 799. Suppose 0 = -3*s - 5*d + 2666, -s + d = 3*d - z. Is s a prime number?
True
Suppose -3579 - 619 = -2*t. Is t composite?
False
Let y be (-1)/((1/5)/((-966)/6)). Suppose -4*f + f + y = a, 0 = -2*f + 4*a + 546. Is f a prime number?
True
Let v = 39493 + -10956. Is v a prime number?
True
Suppose -2*o - 2*v + 134 + 174 = 0, 2*o = 3*v + 308. Suppose